 be m(u). Calculate the highest common divisor of 72 and q.
18
Let b be (-12*1)/(7/21). Let r be (b/(-10))/((-6)/20). Let v = r - -32. What is the highest common divisor of 100 and v?
20
Let t(q) = -3*q + 3. Let b be t(3). Let s be 14/3*(-9)/b. Let n be 3/5 - 959/(-35). What is the greatest common divisor of n and s?
7
Let b(m) = 13*m - 17. Let v be b(7). Suppose -3*c + v - 14 = 0. Calculate the greatest common divisor of 8 and c.
4
Let m = 321 + -307. Calculate the highest common factor of 686 and m.
14
Suppose 110 + 21 = 30*h - 79. Let q = -8 - -11. Let a be 1/q + (-20)/(-3). What is the greatest common factor of a and h?
7
Let c be (-85)/(-1) + (0 - 5). What is the highest common divisor of 32 and c?
16
Let s be -1*((10/(-5) - 75) + 2). Calculate the greatest common divisor of 45 and s.
15
Suppose b - 24 = 3*b. Let s = 13 + b. Let x be 11 + s/(1 - 2). Calculate the greatest common factor of x and 30.
10
Let f be (-6)/(5/((-110)/4)). Let m = 8 + -6. Let r be m/5 + 106/10. What is the highest common factor of r and f?
11
Let m be (-71 + -1 + 8)*15/(-6). Calculate the greatest common divisor of m and 60.
20
Let m(y) = -y - 1. Let d(h) = h**2 - 6*h + 2. Let j(l) = d(l) + 2*m(l). Let x be j(6). Let r = 17 + x. Calculate the highest common factor of 35 and r.
5
Let w be (-5 + 14)*104/24. What is the greatest common divisor of w and 1677?
39
Let h = -517 - -550. What is the highest common factor of 605 and h?
11
Suppose d + 3*s = -0 + 3, -s - 13 = -2*d. Let k = d + -1. What is the greatest common divisor of 55 and k?
5
Suppose -11 = -q - 9. Suppose 8*p - 96 = q*p. Calculate the greatest common factor of p and 144.
16
Let k = 28 + -38. Let z be ((-48)/k)/((-19)/(-380)). Let c be (1/(-1))/((-6)/z). What is the highest common divisor of 32 and c?
16
Let q = 34 - 26. Let t = 43 + -11. Calculate the highest common divisor of t and q.
8
Let m be 2/(1 - 6/10). Suppose -m*z + 20 = 2*y, -6*z + z = -5*y + 15. Suppose -190 = -y*o + 35. Calculate the highest common divisor of 9 and o.
9
Let t = 1264 - 1252. Let w = 53 + 43. What is the greatest common divisor of w and t?
12
Let i(w) be the first derivative of -w**4/4 + 16*w**3/3 - 39*w**2/2 + 7*w + 49. Let y be i(13). What is the greatest common divisor of 7 and y?
7
Let f be (-8)/(-6)*111 + (2 - 6). Suppose -2*w + 7*w = 90. What is the highest common divisor of f and w?
18
Suppose 0 = -3*t + 5*m + 495, -4*t - m + 631 = 2*m. Let y be 9/(9/34) - (7 - 5). Calculate the highest common divisor of t and y.
32
Let p be -1*(-4 - -1)/(-3) + -3. Let o be ((-3)/p)/(1 + (-27)/28). Calculate the highest common factor of o and 231.
21
Let l(i) = i**3 - 20*i**2 - i + 29. Let m be l(20). Let v be (24/9)/(2/3). Let p(r) = 10*r - 4. Let c be p(v). Calculate the highest common divisor of c and m.
9
Suppose 4*i - 132 = -2*u, -5*u + 294 = 2*i - i. Calculate the highest common factor of 145 and u.
29
Let x be 40*((-4250)/(-300) - 2/3). What is the greatest common factor of x and 18?
18
Suppose -2*i - 89 - 33 = -4*f, -f + 5*i + 26 = 0. Calculate the highest common factor of f and 124.
31
Suppose -5*a + 3 = 13. Let r be 5/a*(35/25 - 7). Let v(s) = 2*s**2 - 2*s - 4. Let q be v(-5). Calculate the greatest common factor of r and q.
14
Let b = 1365 - 1347. Calculate the greatest common divisor of b and 90.
18
Let l be 18/((76/(-28) - -3)*1). Calculate the highest common factor of l and 231.
21
Suppose -3*k = -3*x + 210, -k - 62 = 2*x + 14. Let v = k - -180. What is the greatest common factor of 27 and v?
27
Let i be 1722/(-28)*(-2)/3. Calculate the highest common factor of i and 1763.
41
Suppose 6*m - 6143 = 2527. What is the greatest common factor of m and 255?
85
Suppose -5*i - i = -780. Let m = 46 + -20. Let a be (m + 2 - 1) + -1. What is the highest common divisor of i and a?
26
Let g be 2 + -39 + 2 - 0. Let h = g - 26. Let x = -31 - h. What is the highest common factor of x and 45?
15
Let i = -601 + 728. What is the greatest common divisor of 1 and i?
1
Let f(b) = b**2 - b. Let d = 71 + -65. Let x be f(d). Calculate the greatest common divisor of 50 and x.
10
Let p(j) = j**2 - 5*j - 2. Let n be p(5). Let s = -181 + 190. Let m = s + n. Calculate the greatest common divisor of m and 21.
7
Let d be 2 - (-80)/(-50) - (-10566)/10. What is the greatest common factor of 7 and d?
7
Let z(d) = 30*d**3 - 2*d**2 + d. Let l be z(1). Let s = 14 - l. Let k be (1 - -2)/(s/(-200)). Calculate the greatest common divisor of 16 and k.
8
Suppose -5*i + 1527 = 2*z, 29*i - 27*i = 5*z - 3774. Calculate the highest common divisor of z and 72.
36
Suppose -o = 3*n - n - 1795, 5*n = -o + 4486. Calculate the highest common divisor of n and 117.
39
Let w(k) = 2*k**2 - 75*k + 55. Let r be w(37). What is the highest common factor of r and 78?
6
Suppose 2*k + 2*k - 4 = 0, 5*k - 133 = -4*u. Calculate the highest common factor of 56 and u.
8
Suppose -2730 = -27*a + 1590. Calculate the highest common divisor of 10 and a.
10
Let v be 3 + (1 - (7 + -2)). Let k(s) = s**3 - s**2 - s + 5. Let a be k(0). Let m be a*18/((-1)/v). Calculate the highest common divisor of 9 and m.
9
Let o be (-6)/(-2) + 1 - -166. Let b be (-4 + o/25)*10. What is the highest common factor of 70 and b?
14
Suppose -3*r + z + 21 = 2*r, -5*r + 2*z = -22. What is the greatest common divisor of r and 6?
2
Let j = -69 + 133. Let p(m) = m**2 + 25*m - 170. Let n be p(-31). Calculate the highest common divisor of n and j.
16
Suppose a - 248 = -0*a. Suppose -3 = -2*u - 15. Let v(g) = -3*g + 13. Let z be v(u). Calculate the highest common factor of z and a.
31
Let x be (3 - 11/3)/((-6)/225). Suppose 4*t + 2 = -14, -2*j - 2*t = 4. Let n be (-4)/8 - (-51)/j. What is the highest common factor of x and n?
25
Let a(v) = -52*v**3. Let f be a(-1). Suppose -31*z - 28*z - 175 = -4777. What is the highest common factor of z and f?
26
Let r = -675 - -697. Calculate the highest common divisor of 1562 and r.
22
Suppose 5*q - 3*n - 3570 = 0, -3*q + 572 = -5*n - 1570. Calculate the highest common factor of 63 and q.
21
Let f(x) = 209*x - 169. Let a be f(1). What is the greatest common divisor of 736 and a?
8
Let q = 12 - 2. Suppose 6*j = -9*j + 150. Calculate the greatest common factor of j and q.
10
Suppose 0 = -5*a + 5*k + 43 + 132, -a + 35 = -5*k. Let n = 470 + -456. Calculate the highest common factor of a and n.
7
Let s = -4 - -13. Suppose 0 = -0*u + 3*u + s. Let c be (-84)/(-9) + (-2)/u. Calculate the greatest common divisor of 20 and c.
10
Let w(b) = 112*b**2 + b - 2. Let x be w(1). Let h = x + -108. Suppose 2*v = -2*v + 84. Calculate the greatest common divisor of h and v.
3
Let t = 383 - 283. What is the highest common factor of t and 70?
10
Let j be ((-8)/(-10))/((-2)/2715). Let t = -681 - j. Suppose 0 = -a - 2*a + t. Calculate the highest common divisor of 15 and a.
15
Let v(s) = -6*s**2 + 99*s + 40. Let r be v(12). What is the highest common divisor of r and 308?
28
Let l be 6/2 + 966/7. What is the greatest common divisor of l and 1316?
47
Let d(s) = -10*s - 12. Let k be d(-7). Let l(n) = -86*n**3 + 2*n**2 + n. Let c be l(-1). What is the highest common factor of k and c?
29
Let u = 2 - -2. Suppose 0 = 5*s - u*h - 28, -5*s + h + 0 + 22 = 0. Suppose s*a - 3*a = 30. What is the greatest common factor of 15 and a?
15
Let m = -410 + 578. What is the highest common factor of m and 32?
8
Let c = 14 - -109. What is the highest common divisor of c and 41?
41
Suppose 2*y - 4*l = 2800, -2467 = 4*y - 2*l - 8055. Suppose 4*n = 8*n - y. Let i = -206 + n. Calculate the greatest common factor of i and 13.
13
Let t(k) = 54*k**3 - k**2 - k. Let x be t(-1). Let s(j) = 11*j - 6. Let p be s(2). Let o be p - x - (-3 + 1). What is the highest common factor of o and 24?
24
Let f(h) = -h**2 - 2*h. Let n be f(3). Let p be (2 + 44/(-10))*n. What is the greatest common divisor of 9 and p?
9
Suppose 8*p + 3*p - 33 = 0. Suppose 3*o - 43 = 5*v, -6*o - 2*v = -p*o - 50. What is the highest common factor of 80 and o?
16
Suppose -w + 0*w = 7*w. Suppose w = t - 6*t + 1360. Calculate the highest common factor of t and 34.
34
Suppose 3*y - 1137 = 861. Suppose 5*f = 3*z + y, 480 = 3*f + 3*z + 66. What is the greatest common factor of 15 and f?
15
Let h(k) = k**2 - 12*k - 9. Let q be h(13). What is the greatest common factor of q and 22?
2
